2 + 8*b + 3. Let w be v(-3). Let k = -4 - w. What is the remainder when (22 + -1)*4/6 is divided by k?
6
Suppose 3*k = -k - 16. Calculate the remainder when 2*k/8 + 34 is divided by 9.
6
Let a(v) = v**3 + 11*v**2 - v + 1. Let l(g) = g**2 - 10*g + 5. Let w be l(8). What is the remainder when 46 is divided by a(w)?
10
Let r(b) = -2*b**2 - 10*b + 2. Let h be r(-7). Let t = h - -76. What is the remainder when t is divided by 17?
16
Let h = -9 - -15. Suppose 2*r + 4 = h*r. What is the remainder when 3 is divided by r?
0
Suppose 4*b + 3 = 5*b. Calculate the remainder when b is divided by 1.
0
Calculate the remainder when 439/9 + (-8)/(-36) is divided by 10.
9
What is the remainder when (-23)/(-2)*(-10 + 12) is divided by 13?
10
Let m be ((-6)/(-4))/((-1)/(-4)). Suppose 5*s - m = 9. Calculate the remainder when 46/10 - (-2)/5 is divided by s.
2
Let s(m) = 45*m**3 - m**2. Let l be s(1). Let b = 5 + l. What is the remainder when b is divided by 17?
15
Suppose -10 = 35*g - 36*g. Calculate the remainder when g is divided by 6.
4
Suppose -5 = -o - 11. Calculate the remainder when -4*(-1)/(-2)*-19 is divided by (-4)/o + 37/3.
12
Suppose -s = 4*h - 9*h - 4, 3*s + h - 12 = 0. What is the remainder when s is divided by 1 - (2/(-1))/2?
0
Let u(y) = -2*y**2 + 9*y + 7. Let m be u(8). Let g = 72 + m. What is the remainder when g is divided by 8?
7
Suppose 20*g = 7*g + 546. Calculate the remainder when g is divided by 16.
10
Suppose -o = -3*v - 23 - 9, 0 = 3*o + 4*v - 44. What is the remainder when 38 is divided by o?
18
Suppose -3*v = -2*h + 40, -5*v = -3*h + 15 + 44. What is the remainder when h is divided by 8?
7
Suppose 16 = -4*y - 76. Let f(q) = 30*q - 2. Let c be f(-1). Let w = y - c. What is the remainder when w is divided by 6?
3
Suppose -4*o - 3*q = -0*q - 71, -o = 2*q - 14. Suppose -o - 4 = -4*a. What is the remainder when a is divided by 4?
2
Suppose -58 = t + t. Let l = 56 + t. Calculate the remainder when l is divided by 14.
13
Let n(r) be the first derivative of -r**2 + 2*r - 2. Let s be n(8). Let l = s + 55. Calculate the remainder when l is divided by 21.
20
Suppose 8 = 4*m, -8 = 2*a - 3*m + 2. Let r = a + 5. Let j = -336 - -338. Calculate the remainder when r is divided by j.
1
Let d(j) = 2*j + 12. Calculate the remainder when 3 is divided by d(-5).
1
Suppose -76 = -4*c - 2*z, -6*c + 2*c - 4*z = -84. Let y = 125 + -115. Calculate the remainder when c is divided by y.
7
Let l(m) = m + 3 + m - 5*m**2 + 12*m**2 + 8*m**2. What is the remainder when l(-2) is divided by 20?
19
Let c(p) = -2 + 20*p**2 + p + 0 + 2*p. What is the remainder when c(1) is divided by 6?
3
Let f(x) = 7*x - 4. Let z(h) = -1 - 4*h**2 + 4*h - 3*h**3 - 2 + 4*h**3 - 1. What is the remainder when f(7) is divided by z(4)?
9
Suppose -14 - 6 = -4*h. Let a = 11 - h. Suppose -3*m = -9 - 3. What is the remainder when a is divided by m?
2
Let j(p) = 2*p**2 + 7*p - 5. Calculate the remainder when j(-8) is divided by 17.
16
Suppose -w - t - 3*t - 5 = 0, -35 = -w + 4*t. Suppose 0*g + 24 = 4*g. Calculate the remainder when w is divided by g.
3
Suppose 29 = -3*d + 5*l, 2*d = d + l - 9. Calculate the remainder when 23 is divided by ((-2)/4)/(d/96).
5
Suppose -101 = -i + 11. Suppose 5*f = -7 + i. Suppose -5*t + 89 + 111 = 0. What is the remainder when t is divided by f?
19
Let n(h) = -6*h**3 + h**2 - 6*h - 7. Calculate the remainder when n(-2) is divided by 15.
12
Suppose 2*m = 4*m - 16. Suppose -m = 3*n - 23. What is the remainder when n is divided by 2?
1
Let k be (1/(-3))/(1/(-6)). Let r(s) = s - 3. Let b be r(-2). What is the remainder when 27 is divided by b*(-3 - (k - 2))?
12
Let x = -6 + 10. Let r(h) = 6*h + 3. What is the remainder when 106 is divided by r(x)?
25
Suppose 5*i - 95 = 5*t, -i + 13 - 70 = 3*t. What is the remainder when 13 is divided by t/(-4) - 3/(-12)?
3
Let a = -3 + 14. What is the remainder when 76 is divided by a?
10
Suppose 0 = -5*r + 20 + 35. What is the remainder when r is divided by 6?
5
Let k = -7 + 10. Let n = 0 + k. Let c(y) = 3*y**2 - 3*y + 4. Calculate the remainder when c(n) is divided by 8.
6
Suppose l + 5 = -4*u + 33, -5*l - 4*u + 140 = 0. What is the remainder when 83 is divided by l?
27
What is the remainder when 142 is divided by ((-56)/(-24))/(4/84)?
44
Let r(t) = t**2 - 11*t - 8. Let q be r(12). Suppose q = 4*a - 4. Calculate the remainder when (-2)/((-8)/6)*2 is divided by a.
1
Suppose -4*i - 57 = -u, -4*u - 2*i = -39 - 153. Calculate the remainder when u is divided by (-78)/(-4)*26/39.
10
Calculate the remainder when ((-1070)/(-4))/5*(-2)/(-1) is divided by 27.
26
Let j(q) = -q**3 + 5*q**2 - 2*q + 5. Let l(x) = 2*x - 8. Let z be l(6). What is the remainder when j(z) is divided by 4?
1
Let r = -2 + 4. Suppose w = r + 23. Suppose y - 3*y + 14 = 2*n, 0 = 5*n + w. Calculate the remainder when y is divided by 7.
5
Let v = -12 + 19. Let q = 2 - 1. Let i = q + 18. Calculate the remainder when i is divided by v.
5
Let v = 42 + -37. Calculate the remainder when 19 is divided by v.
4
Suppose 0 = r + 4*l - 3, -4*l - 4 = -2*r + 2. Suppose r*s - 88 = s. Calculate the remainder when s is divided by 15.
14
Suppose t = -3*u - 93, 23 - 68 = u + 5*t. Let b = 61 + u. What is the remainder when b is divided by 17?
14
Suppose p - 4*v - 17 = 0, -3*v - 27 = 5*p - 135. Let r be 700/p*(-6)/(-4). Calculate the remainder when r/2 + (-2 - 0) is divided by 6.
5
Let g(f) = 2*f**3 - 8*f**2 - 2*f + 19. What is the remainder when g(6) is divided by 40?
31
Let k be (-500)/(-10) + 0/(-2). Let i = -30 + k. What is the remainder when i is divided by 11?
9
Suppose 77*k + 102 = 79*k. What is the remainder when k is divided by (26/(-6))/((-3)/18)?
25
Let v = -25 - -51. What is the remainder when v is divided by 9?
8
Suppose 4*v + 4*y = -0*y + 48, -5*v + y = -30. Let k = 14 + -9. What is the remainder when v is divided by k?
2
Suppose -2*v + m + 19 = -2*m, -3*v - 5*m = -38. Calculate the remainder when 21 is divided by v.
10
Suppose -5*w + v = -444, 0*v + 5*v - 420 = -5*w. Calculate the remainder when w is divided by 32.
24
Let b = 14 - 0. Suppose -2*w = -6*w + 104. What is the remainder when w is divided by b?
12
Let n(j) = j**3 + 9*j**2 + 7*j + 2. Calculate the remainder when 18 is divided by n(-8).
8
Suppose 2*f = 22 + 10. What is the remainder when 45 is divided by f?
13
Suppose 0 = -w - 0*w. Suppose 2*f + 12 = 2*r, w = 2*r + 2*f + 3 - 31. Calculate the remainder when r is divided by 6.
4
Suppose -4*b - 4*w = 4, 0 - 2 = -3*b + 2*w. Let p = b - 0. Suppose -3*i + p*i + 24 = 0. What is the remainder when 23 is divided by i?
7
What is the remainder when 219 is divided by (-3 - -6 - 0) + 41?
43
Suppose 0 = 2*o + 4*t - 30, 5*o + 3*t - 52 = 9. What is the remainder when o is divided by 2?
1
Suppose -4*d = -7 + 23. Let a(h) = h**3 + 4*h**2 - 3*h - 2. What is the remainder when a(d) is divided by 4?
2
Suppose -2*n - m = -45, -4*n + 23 = 3*m - 62. Calculate the remainder when n is divided by 7.
4
Suppose 0*x - 40 = -2*x. Let k = -8 + x. Calculate the remainder when 22 is divided by k.
10
Let g be 2 + (1 - -1) + -2. Suppose -5*l + 4*f - 1 = -32, -23 = -5*l + g*f. Calculate the remainder when 15 is divided by l/(3/24*3).
7
Let m = 58 - 44. Calculate the remainder when 95 is divided by m.
11
Let f = 65 - 57. What is the remainder when 14 is divided by f?
6
Let o = 37 - 22. Calculate the remainder when o is divided by 4.
3
Let a = 131 - 57. What is the remainder when a is divided by 25?
24
Suppose -4*z + 254 = -22. Calculate the remainder when z is divided by 24.
21
Let l(r) = -r**2 - r + 1. Let g be l(0). Let v = g + 16. What is the remainder when v is divided by (0 + -1)/(1/(-9))?
8
Suppose -k + 15 = -4*p, 4*k = 5*p + 36 + 24. Let j = -5 + 13. What is the remainder when k is divided by j?
7
Let u(y) = -2*y - 9. What is the remainder when u(-10) is divided by 7?
4
Let i(a) = -a**3 - 4*a**2 - 3*a - 4. Suppose -2 = -v + 12. Calculate the remainder when v is divided by i(-4).
6
Suppose -36 = -3*o + 3*d, o = 3*o + 4*d - 42. What is the remainder when 43 is divided by o?
13
Let k(r) = -11*r - 8 + 0*r**2 + 2*r - r**2. What is the remainder when 17 is divided by k(-6)?
7
Suppose 67 = 5*k - 0*t - 3*t, 0 = -2*k + 3*t + 25. Let o(j) = -j**2 + 10*j - 8. Calculate the remainder when k is divided by o(8).
6
Le